2. Is o(r) composite?
False
Let n be ((-6)/4)/((-16)/32). Suppose -12 = -3*s + n, -4*s = -3*x + 21097. Is x a composite number?
False
Let h(j) = 2*j**3 + 23*j**2 + 11*j + 3. Let n be h(-11). Suppose -3*b - 2140 = -5*k - 21408, 0 = -n*b + 3*k + 19266. Is b a prime number?
True
Let i(w) = 10*w**2 - w - 433. Is i(-58) prime?
False
Let b be (26*18/(-48))/(2/8). Let q = 224 + b. Is q composite?
True
Suppose 2*z + 5*x + 195 = 3*z, 0 = x + 2. Let u = -330 + 198. Let w = z + u. Is w a composite number?
False
Suppose 0*l + 15*l - 60 = 0. Suppose 32 + 17 = 5*g - n, -48 = -l*g + 3*n. Let b = g + 346. Is b a composite number?
True
Suppose -2*u - n + 11 = -0, 17 = 4*u + n. Suppose d + u*x - 2348 = 0, d - 4681 = -d - x. Is d a composite number?
False
Suppose -117*b = -107*b - 157540. Suppose 0*j + b = 4*y - 5*j, -4*j + 7890 = 2*y. Is y composite?
True
Let x(g) be the third derivative of g**5/60 + g**4/6 + 7*g**3/6 - 12*g**2. Let b be x(-4). Let h(i) = -i**3 + 8*i**2 + 8*i - 16. Is h(b) a prime number?
True
Let x(h) = -17377*h + 4805. Is x(-38) a composite number?
False
Is (19 + 840/(-45))/(2/590694) prime?
False
Let u = 266 - 268. Is (-4)/u*31913/14 a composite number?
True
Suppose -2*i - i - 69 = 4*n, -4*i + 4 = 0. Let w(x) = -728*x - 1. Is w(n) a prime number?
True
Let l = 270 + -187. Suppose l*x - 77*x - 13998 = 0. Is x composite?
False
Suppose 0 = -0*x + 5*x - 10. Suppose 0 = x*a + 2 + 8. Let k(v) = -4*v**3 - 2*v**2 - 5*v + 12. Is k(a) prime?
True
Let t = 6566 - -58875. Is t prime?
False
Let f(o) = o + 2. Let v(u) = -190*u - 30. Let t(n) = f(n) - v(n). Is t(7) composite?
True
Let o = -96 - -100. Suppose o*k + 13179 = 3*p, 9*p + 3*k = 6*p + 13179. Is p a composite number?
True
Suppose -59*a + 1395286 = -798865. Is a composite?
False
Let s(d) = -115*d**2 - 2*d + 2. Let k be s(-3). Let i(u) = -2*u**2 + 154*u + 54. Let a be i(66). Let f = a + k. Is f a prime number?
True
Let w(y) be the second derivative of -16*y - 15/2*y**2 + 0 + 149/6*y**3. Is w(4) prime?
False
Let j(d) = 23693*d + 248. Is j(3) a prime number?
True
Suppose 27000 = -5*k + 4*a, -k - 8*a + 6*a = 5386. Let q = -177 - k. Is q prime?
False
Let d = -530 + 576. Let c = d - -97. Is c a prime number?
False
Let r be 1/3 - (-55)/15. Let v(n) = 55*n + 333. Let x be v(-6). Suppose -4 = -x*f + f, r*j - 5450 = -3*f. Is j prime?
True
Let t(r) = 7*r**2 + 9*r + 6. Let y be t(8). Let d(g) = 4*g**2 - 10*g - 3. Let l be d(3). Suppose 0 = -4*p - u + 716, y = 3*p - l*u + u. Is p prime?
False
Suppose 160*d - 258*d = -4227664 - 1460550. Is d a composite number?
False
Suppose 123732 = -0*r - 14*r. Let j = 14377 + r. Is j a prime number?
False
Let k be ((-182)/(-39))/(7/6). Suppose -k*s + 3*i + 35808 = -19353, 0 = 2*i - 2. Is s composite?
True
Suppose -36*d + 23087 - 8636 = -8409. Is d composite?
True
Let n(r) = -4*r**2 - 358*r - 93. Is n(-67) a prime number?
False
Suppose 0 = 22*f - 25*f - 111. Let x = f + 42. Suppose -4*h = 5*b - 3953, -x*b + h - 408 + 4376 = 0. Is b a composite number?
True
Let g = 4594 + -678. Suppose -6*r + 8078 + g = 0. Suppose -4*u + 565 + r = 0. Is u prime?
True
Let a be 5 - (4 + (-30)/5). Let x(o) = 248*o - 43. Is x(a) composite?
False
Let u = -17439 + 94346. Is u prime?
True
Let d(y) = 2*y + 419. Let b(q) = q**3 - 8*q**2 - 14*q + 5. Let v be b(9). Let m = v + 40. Is d(m) prime?
True
Let u(v) = 11*v**2 - 14*v + 37*v - 14 - 9*v**2. Let z be u(-12). Is ((-42)/21)/(z/733) composite?
False
Let x = 340206 - 172829. Is x composite?
True
Is 36079*(9 + 182/(-20))/(2/(-20)) composite?
True
Suppose -2*g - r + 30104 = 0, -2*g - 4*r = -9736 - 20386. Is g composite?
True
Suppose -p = l + 3, 4*l + l - 4*p = 30. Suppose -3*m = -2*y - l*y + 40519, -50649 = -5*y + 4*m. Is y prime?
False
Let k(g) = -756*g + 68. Let q be k(42). Let j = -22151 - q. Is j prime?
True
Suppose -v + 4*z = 12 + 5, 24 = -4*v + 5*z. Let a(w) = -7579*w - 20. Is a(v) composite?
False
Let w(a) = 2*a**2 + 3*a + 5. Let u be w(-3). Suppose -u*f = -37 + 9. Is 210 - 0 - (-3 + f) prime?
True
Suppose -m = 4*p - 16, -3 = 4*p - 4*m + 1. Suppose -4*x + 7786 = 3*z, z - p*z + 4*x = -5184. Is z a composite number?
True
Let f be (-2 + 5)/((-1)/(-3)). Suppose 0 = -f*v + 11 + 7. Is (25 + -23)/(v/797) a composite number?
False
Let i(m) be the second derivative of m**4/4 - m**3/6 - 5*m**2/2 + 16*m. Is i(-16) a composite number?
True
Is 6/(-30) - 727494/(-145) prime?
False
Suppose -9166141 - 21762896 = -249*q. Is q prime?
True
Let g = 1879622 - 1178565. Is g composite?
True
Let d(j) = 316*j**2 + 39*j + 13. Let n be d(8). Let k = n + -10936. Is k prime?
True
Suppose 150 = -74*r + 79*r. Is (-4)/r + (-4383483)/(-585) composite?
True
Let q(j) = 2*j**2 + j - 1. Let s be q(1). Suppose -s*p - 3*p = 350. Is (-1*1*-29)/((-14)/p) prime?
False
Let d = 437194 - 307565. Is d composite?
False
Let d(g) = -7 + g - 2*g + 7*g**2 + 6*g + 14. Let k be d(-3). Suppose -38*b - k = -39*b. Is b a composite number?
True
Let t be 5/(-50)*2 - 269322/(-10). Suppose -8*n + t = -5876. Is n a composite number?
True
Suppose 2719 = -9*o + 30799. Suppose 3*z + 12*v - 7*v = 2344, 4*v - o = -4*z. Is z a composite number?
True
Let j = -814 + 365. Let i = j + 1908. Is i a composite number?
False
Let p(q) = 3*q**2 + 34*q + 54. Let k be (30/8)/(-3)*(-4)/(-1). Let x be -28 + k + 10 - 0. Is p(x) composite?
False
Suppose -2*z - 2503 = -267. Is -1*(z + (5 - 2)) composite?
True
Suppose -82*q = -87*q + 20. Suppose 30*n - q*k + 13545 = 35*n, -3*n + 8120 = k. Is n prime?
False
Suppose 5 = -3*w + 17. Suppose 0 = w*j - 3 + 23. Let v(d) = -d**2 - 15*d - 13. Is v(j) a prime number?
True
Let s = 113 + -109. Suppose s*p + 4*w - 88220 = 0, p = 4*w - 3*w + 22047. Is p a composite number?
False
Let f = 3329 + -2308. Let j(u) = -12*u**3 - 17*u**2 - 9*u - 16. Let p be j(-9). Suppose -p + f = -5*x. Is x a composite number?
False
Let a(g) = -71*g + 243. Let i(f) = 36*f - 121. Let p(k) = 6*a(k) + 13*i(k). Is p(18) a prime number?
True
Let x(g) = 2*g**3 - 6*g**2 - 7*g + 6. Let s be x(8). Let j be s - (-6 - 12/(-4)). Suppose 2*v - b - j + 39 = 0, -5*v - 5*b = -1400. Is v composite?
True
Suppose -110 = 10*b + 90. Let o be (12/21)/(b/(-350)). Let p(q) = -q**3 + 9*q**2 + 12*q - 10. Is p(o) composite?
True
Suppose w = -0*w - 2*a + 5, 0 = -5*a + 5. Let g(u) = 44*u**3 - 3*u**2 - 21*u + 53. Is g(w) composite?
False
Let l(h) be the third derivative of -3*h**4/8 + 5*h**3/3 + 2*h**2. Let f be l(-9). Suppose 290 + f = 3*p. Is p a composite number?
False
Let l = 108109 + -21012. Is l a composite number?
True
Let h(t) = 4991*t - 99. Let a be h(3). Suppose a = 78*y - 72*y. Is y composite?
True
Let s = -15243 + 34722. Suppose n - 6*n - 5*b = -48700, b = -2*n + s. Is n a prime number?
True
Suppose -z - r + 329668 = 0, 52*z - 659341 = 50*z + 3*r. Is z prime?
False
Let s = 1293 - 890. Let b(f) = 21*f**2 + 2. Let a be b(2). Let m = s - a. Is m a composite number?
False
Let d(y) = 2903*y**2 + 2*y + 4. Let k(a) = -5806*a**2 - 5*a - 9. Let q(m) = 7*d(m) + 3*k(m). Is q(1) a composite number?
False
Suppose -7419867 = 169*b - 190*b. Is b composite?
True
Suppose 8*g - 142 = 3*g + l, -g - 3*l + 38 = 0. Let r = 30 - g. Is (r - 14/18) + 8296/9 composite?
True
Suppose -4941 = -3*h + 6*t, 3289 = 3*h - h - 5*t. Is h a prime number?
True
Let b be (58 + -570)*(3 + 1 + -2). Let q = b + 2847. Is q prime?
True
Suppose -5*n + 8*w + 5781 = 7*w, -3*w = 3. Is (6 - (-4 - n)) + -1 a prime number?
False
Let a(d) = -d - 1. Let i(r) = -1129*r - 27. Let w(z) = 4*a(z) - i(z). Is w(3) a prime number?
False
Let i = 73 - 71. Suppose x + x - i = 2*u, -2*u - 2*x = -14. Suppose u*y = 5*c - 1547, 4*c = c + y + 925. Is c a prime number?
True
Let w(n) = -6*n - 3. Let o be w(-3). Let d(z) = 169*z - 102*z - 9 + o + 15. Is d(20) prime?
True
Suppose -38 + 17 = -7*n. Suppose -n*w - w + 18 = 2*p, -2*p + 4 = -3*w. Suppose 6*b = -j + 2*b + 927, p*j = -b + 4730. Is j a prime number?
True
Suppose -5*s = -14 + 54. Let k(g) = -26*g - 6. Let c be k(s). Let v = 1453 + c. Is v a composite number?
True
Let k(z) = -3*z + 1. Let d be k(3). Let l = -1676 + 966. Is l*((-20)/d + -3) a composite number?
True
Let b be (-3 - 0 - (-38072)/(-32))*-4. Suppose i + 4*m = b, 2*i + 5*m - 19029 = -2*i. Is i a composite number?
False
Suppose -6*m - 2304 = -8*m. Let s(q) = -q**3 + 1983. Let g be s(0). Le